. Is i prime?
False
Suppose 5*t = -10, -4*t = 4*f - 2*t + 4. Suppose -4*z + 9*k - 10*k - 4519 = f, -z = -k + 1131. Is -4 - (-4 + z/5) composite?
True
Let v(u) = 2*u + 2. Let q be v(1). Suppose -3*b + q*b = 3947. Is b composite?
False
Let k = -75 - -77. Let t(o) = 293*o**2 - 3*o - 3. Is t(k) prime?
True
Let t(i) = 15707*i**2 + 3*i + 2. Suppose -3*k - 18 = 5*g, -42*k + 47*k = -2*g - 11. Is t(k) composite?
True
Is ((-48)/40 + 1)*(-8205209 + -6)/1 composite?
False
Suppose -36 = -3*q - 30. Let n be (q - 0)*(26/1 - -3). Suppose -54*t + n*t = 4708. Is t composite?
True
Let w(v) = 2*v**2 - 4*v - 23. Let a be w(-4). Let l be 4*(-1)/(4/(-278)). Let x = a + l. Is x prime?
False
Is (-2)/(20/(-21955))*2 prime?
True
Let k(j) = 4*j + 1. Let m be k(5). Let u(i) = -28*i - 488. Let s be u(-18). Let g = m + s. Is g prime?
True
Let k = -105 + 107. Is (11/k)/((-4)/(-1544)) a prime number?
False
Let u(v) be the second derivative of 5*v**4/12 - 4*v**3/3 - v**2 + 7*v - 3. Let n = -15 - -28. Is u(n) a prime number?
True
Let j be (7 - 7)/(-1)*-1. Suppose 4*d + 19594 = 2*r, j = -5*r - 6*d + 2*d + 48957. Is r prime?
False
Let s(o) = 14*o**2 - 26*o**2 - 12 + 22*o**2 + o**3 - 13*o. Let q be s(-11). Is ((-3)/((-24)/(-5396)))/((-5)/q) a prime number?
False
Let h(o) be the first derivative of -o**2/2 + 20*o + 6. Let w be h(17). Suppose 432 = w*n + 5*d, -3*d = -n - d + 155. Is n a prime number?
True
Let h = -164 + 167. Is (-4 + 2363/(-2))*(-5 + h) prime?
True
Let f = 116 - 113. Suppose -5*b = -0*j + f*j - 40, -5*b = 5*j - 40. Suppose -b*t + 2*t = -13326. Is t prime?
True
Suppose w - 26767 = -4*c + 2*w, -20089 = -3*c - 2*w. Let g = 11650 - c. Is g a composite number?
False
Suppose f + 3*f - 437455 - 348789 = 0. Is f a composite number?
False
Let m = -374 + 374. Suppose -2*w + m*k + 3*k = -1040, -3*k = 2*w - 1016. Is w prime?
False
Let g(s) = -2*s - 44. Let d be g(-23). Let p be 1*(d/7 + 38/14). Is p + 272 + -3 + 2 a composite number?
True
Let u(q) = -6*q**3 - 41*q**2 - 8*q + 39. Is u(-14) a composite number?
True
Let s(d) = 920*d**2 + d - 2. Let g be s(4). Let r = -3765 - -3782. Is g/r - (-1 - 2) a prime number?
False
Let m = 79101 - 47050. Is m prime?
True
Suppose -k - 5*f + 623596 = 0, -4*f + 15 = 11. Is k composite?
False
Suppose 3*o - 578572 = h, -5*o - 13*h = -12*h - 964300. Is o prime?
True
Suppose o - 4*f = 10744, 0*f = -3*f - 6. Suppose 7*r - o = 3*r. Let g = r + -1807. Is g a prime number?
True
Let t(f) = -f**3 + f**2 - f + 1. Let x(m) = 4*m**3 - 36*m**2 - 10*m - 22. Let h(s) = -3*t(s) - x(s). Is h(30) a composite number?
False
Suppose -9*q + 236465 = 11*q - 88275. Is q a prime number?
False
Suppose 0 = -11*y + 35*y - 360. Suppose y*i = 14*i + 3407. Is i a prime number?
True
Is 21355 - (-5)/((-90)/216) prime?
False
Is (1 - 2/2) + 8592 + -25 prime?
False
Suppose -9*j - 247 + 616 = 0. Suppose -j = -4*h - 2*r + 3*r, -r = 2*h - 13. Suppose -h*x + 12*x = 2589. Is x composite?
False
Let f be (-13)/(-39) + (-4)/(-6) + -2. Let p(w) = -1450*w**2 + 11*w + 8. Let h(m) = 967*m**2 - 7*m - 5. Let q(b) = 8*h(b) + 5*p(b). Is q(f) composite?
False
Let r be (14/(-4))/(1/(-2)). Suppose 3*s - r = 5. Is 4671/12 - (-1)/(-16)*s composite?
False
Suppose -v + 6524 + 12371 = 4*l, 0 = 5*l - 15. Is v composite?
True
Suppose 2183741 - 65381 + 5276736 = 24*l. Is l a composite number?
False
Let z(g) = 2*g**2 + 32*g + 68. Let l be z(-15). Is (11438/l)/(-1 - -2) a prime number?
False
Let o be 5*(752/(-5))/8. Let y = -15 - o. Is y prime?
True
Let g(s) = 2*s**2 + 39*s + 164. Let w be g(-14). Suppose -2260 = -5*v - 205. Suppose -w*a + v = -209. Is a prime?
False
Let a(f) = 28451*f**2 + 102*f + 522. Is a(-5) composite?
False
Suppose 16*y - 21*y - 1405125 = -5*f, 5*f - 1405121 = 4*y. Is f prime?
False
Suppose 4 = -3*y + 13. Suppose 5*l = 3*n - 5, -4*n + l - y*l = 2. Is 333 - n/4 - (-4)/(-2) a prime number?
True
Let h(c) = -c**3 + 2*c + 3. Let a(y) = y - 5. Let g be a(5). Let w be h(g). Suppose 2*d - 2*s - 640 = 0, -4*d - w*s + 1259 = -0*d. Is d a prime number?
True
Let i be 4353825/42 - (-3)/(-2). Suppose 32*p - 55*p = -i. Is p composite?
False
Suppose 31*i = 34*i - 15. Suppose -y = -i*y. Suppose -651 - 164 = -5*z - 5*v, y = -5*z + 2*v + 801. Is z composite?
True
Let n be 2442*(4 - (-40)/(-12)). Suppose 0 = 34*b - 38*b + n. Is b a prime number?
False
Let p be 3/(12/20) - (12 - -9616). Let n = p + 22282. Is n a prime number?
True
Let w(r) = 5*r**2 + 3*r**2 - r**2 - 2*r**3 + 10 - 2. Let g be w(6). Is (-3)/((-1)/(g/(-12))) prime?
True
Suppose -3*s - 17797 = 4*k, 4*s + 13986 + 9702 = 5*k. Let q = 17667 + s. Is q/(-40)*(-2)/2*2 a prime number?
True
Let r(p) be the third derivative of p**6/60 - 5*p**5/6 + 35*p**4/24 + 71*p**3/6 - 27*p**2. Is r(26) a composite number?
False
Let z(v) = -12*v + 8. Let x be z(3). Let g = x - -29. Is (-29)/((g + -3)/14) a composite number?
True
Suppose -2*z + 3*v + 102643 = 0, 2*v - 205280 = -4*z + 6*v. Is z composite?
True
Suppose 632 = p - 4*l - 1404, -4*l - 6140 = -3*p. Suppose -4*o + 71915 = 3*c, 93818 = 4*c - 3*o - p. Is c prime?
False
Let o(c) = -506*c**2 - 3*c - 4. Let a be o(3). Let z = -3044 - a. Is z composite?
False
Suppose -9*y + 0*y + 144 = 0. Let k be (-1 - 2/(-3)) + y/3. Suppose -k*v - 4*d = 1759 - 5248, 8 = -2*d. Is v composite?
False
Suppose -2*r = -3*h - 4*r + 11797, 2*r = 10. Suppose 6923 = i + 5*f, -2*f - 3022 = -i + h. Is i composite?
True
Let l(a) = 1177*a**3 + 9*a**2 - 28*a + 131. Is l(5) prime?
True
Suppose -5*u - 414 = 5*w + 481, u = 3*w + 533. Let d = w + 449. Is d composite?
False
Suppose -3*x - 192225 = 4*u, -2*u + 192204 = -3*x + u. Let c = x - -92848. Suppose 5*i = 2*r + c, -12939 = -4*i + r + 10082. Is i composite?
True
Let f = 3239 - -493. Suppose 8*y - 11*y + 5*v = -f, -3*y - 4*v + 3759 = 0. Is y composite?
False
Let h = 109 - 108. Let x(j) = 1752*j**2 + 8*j - 1. Is x(h) a prime number?
True
Let v(x) = 2*x + 26. Let q be v(-12). Suppose 3 + q = m. Suppose m*d - 6*l - 1277 = -4*l, 4*l = -2*d + 530. Is d prime?
True
Let x = 82 + -54. Suppose 23*w = x*w - 39945. Is w prime?
False
Suppose 4*c - 103 + 39 = 0. Suppose -c*u = -17*u + 1465. Is u composite?
True
Suppose g + 236 = i - 512, -4*i + 3007 = g. Is i prime?
True
Let u = 313 - 307. Suppose u*z = 34901 + 23701. Is z a composite number?
False
Suppose -54*n = -2276543 - 3580135. Is n a prime number?
True
Let l = 11222 - -5447. Is l prime?
False
Suppose -15012 + 482044 = 2*m + 5*q, q = -5*m + 1167603. Is m composite?
True
Let x be (-3 - -4)/(6*4/1728). Is (3 + x/(-27))*(1259 - 2) a prime number?
True
Suppose 5*f = -4*j + 894465, -2*j = -16 + 6. Is f composite?
False
Suppose -4*r = -5*r - 5159. Let k = -2798 - r. Suppose -9*c = -12*c + k. Is c a prime number?
True
Suppose 58*h - 828922 = -229550. Is h a composite number?
True
Let p(c) = 2*c**3 - 20*c**2 + 23*c + 88. Let d be p(15). Let q = d + 1026. Is q prime?
True
Let h(q) = 42*q**2 - 23*q + 21. Let t = -280 + 296. Is h(t) composite?
True
Let r = -35691 - -68267. Suppose -2*n + 3*y = -33889, 5*n = -2*y - r + 117289. Is n composite?
False
Let b(v) = 17518*v - 265. Let k be b(5). Is 1/(14/8*50/k) a prime number?
False
Is 20/12*13400574/110 composite?
False
Suppose -q + 2*y + 49195 = 0, 25*y + 5 = 20*y. Is q composite?
False
Let z(j) = -2*j**3 - 3*j**2 + 4*j + 11. Suppose 0 = 2*n + 10, -6*n + 2*n + 590 = 5*p. Suppose 12 = -124*s + p*s. Is z(s) prime?
True
Let q(c) = 2*c**2 - 16*c + 1585. Let i(d) = 4*d**2 - 35*d + 3169. Let f(z) = -6*i(z) + 13*q(z). Is f(0) prime?
False
Suppose 5*s - 4048 = -3*i, 4*s - 4068 = -s + 2*i. Suppose -p - 3*p + 16 = 0. Suppose s = -p*q + 4848. Is q a composite number?
False
Let g(c) = -c**3 - 13*c**2 - 21*c + 16. Let h be g(-11). Suppose h*p - 32 = -4*w, 0*w - w - 42 = -5*p. Is (-52)/10*(-20)/p a composite number?
False
Let j(w) be the first derivative of 0*w**2 + 3/4*w**4 - 20 - 1/3*w**3 + 122*w. Is j(0) prime?
False
Let p(f) = f**2 - 6*f - 3. Let d be p(8). Suppose 8 = d*c - 9*c. Suppose 4*m = m + 3*y + 372, -223 = -c*m - 3*y. Is m composite?
True
Let w be (((-35)/21)/(-5))/(1/15). Suppose u + 5 = w. Suppose u = -22*o + 27*o - 475. Is o a prime number?
False
Let r(p) = 2*p**2 + 28*p + 8. Let s be r(-14). Suppose 3*m - 4755 = -2*v - 1133, 3*v - 4*m - 5450 = 0. Suppose 10*q - s*q = v. Is q prime?
True
Suppose 0 = -q - 693 - 1